). Calculate the greatest common factor of x and 42.
42
Let q be 1 + ((-6)/3)/(-1). Suppose -6*i + i = 20. Let j(d) = -d**3 - 3*d**2 + 3*d + 8. Let w be j(i). Calculate the greatest common divisor of q and w.
3
Let u = -8742 - -8771. Let z be (3 - 2/1) + 260. Calculate the highest common divisor of z and u.
29
Suppose 2*v - 16 = -2*d, 7*d + 5*v - 22 = 8*d. What is the greatest common factor of 465 and d?
3
Let w = 2 - -9. Let z = -9 + w. Suppose -2*l = z*l - 192. What is the greatest common factor of 8 and l?
8
Let v(l) = -9*l + 27 - 4*l**2 - 23 - 5*l + 3*l**2. Let u be v(-12). Calculate the greatest common factor of u and 7.
7
Let v = -69 + 167. What is the greatest common divisor of v and 21?
7
Suppose 4*d = -3*v + 52, -5*d + v + 7 + 58 = 0. Calculate the highest common factor of d and 26.
13
Suppose 4*p + 5*i = 1019, 0 = -4*p - 0*p - i + 1039. Calculate the greatest common divisor of p and 348.
87
Let f = 798 - 723. Calculate the greatest common factor of 120 and f.
15
Let q(r) = 20*r**3 + 2*r**2 - 4*r + 2. Let s be 2/(-11) - ((-315)/99 + 2). Let c be q(s). Calculate the highest common factor of c and 40.
20
Suppose 27810 = -27*l + 83052. What is the highest common factor of 31 and l?
31
Let b(t) = t - 1. Let c(x) = x**3 - 12*x**2 - 18*x + 23. Let s(g) = 5*b(g) + c(g). Let p be s(13). What is the greatest common divisor of 30 and p?
6
Let f = 26 - 44. Let i be ((-18)/4)/9*f. Calculate the highest common divisor of 6 and i.
3
Let t = 39 + -29. Let n be (3/(-2))/((-6)/16). Let j = n + t. What is the greatest common divisor of j and 70?
14
Let y = -57 - -149. Let q be 1 + -5 - (4 + y). Let r = 287 + q. Calculate the highest common factor of r and 17.
17
Let b(w) = 5*w - 25. Let a be b(-11). Let f be 8/1*12*(-5)/a. What is the greatest common divisor of 24 and f?
6
Suppose 3*i - 101 = -38. Let r = i + 19. Calculate the greatest common factor of 10 and r.
10
Let a be (4/(-6))/(2/(-6)). Let t(p) = -6*p**a + 0*p**2 - p - 6*p**3 + 8*p**3 + p**2 + 1. Let v be t(4). What is the highest common factor of v and 30?
15
Let s = 441 - 151. What is the highest common factor of s and 10?
10
Suppose -4*c + 141 = 3*a + 20, 5*a - 127 = -4*c. What is the greatest common divisor of c and 63?
7
Let b(g) = -36*g**3 + g**2 - 1. Let y be b(-1). Let v = y - 4. Let a(w) = -17*w - 105. Let m be a(-9). What is the greatest common factor of m and v?
16
Suppose 10 = 5*v - 200. Suppose -3*i = 4*i - v. Calculate the greatest common divisor of i and 54.
6
Let p = -94 - -102. Suppose -p = -4*k, k = -n + 34 - 8. Calculate the highest common factor of n and 8.
8
Let u be (-83 - -1)/((-10)/60). Let j = u - 348. Calculate the greatest common factor of j and 16.
16
Let s = 2054 - 1049. What is the greatest common factor of 15 and s?
15
Suppose 3*h - 453 = 15. What is the greatest common factor of 48 and h?
12
Suppose 3*p = -12, -3*d + 2*p + 192 = 163. Let z = 43 + -15. Calculate the greatest common factor of z and d.
7
Suppose 5*s + 4*v = 40, -5*v - 5 = -5*s - 10. Calculate the highest common divisor of s and 356.
4
Suppose 0 = 10*q - 7*q - 3. Let u be (1 - (-5)/q)/2. Suppose 0 = -2*l + u*h + 54, -2*h - 59 = -4*l + 49. Calculate the highest common factor of l and 9.
9
Let n be (1 + -22)/(205/(-40) - -5). Calculate the highest common divisor of n and 24.
24
Let c(h) = 19*h**3 + h**2 + h - 1. Let a be -8 - 9/(1 - 4). Let u = -4 - a. Let r be c(u). What is the highest common divisor of 5 and r?
5
Suppose -w - 6 + 27 = 0. Suppose 2*i - w = -3. Calculate the greatest common factor of i and 9.
9
Let x be (-22)/(-66) - (-8304)/9. Calculate the highest common divisor of x and 71.
71
Suppose 3*u - 7 + 4 = -3*s, -5*s = -u + 7. Suppose -5*v + u*y + 108 = 0, 3*v + 3*y + 72 = 6*v. Calculate the greatest common divisor of v and 50.
10
Let l(i) = -98*i**3 + 4*i**2 + 5*i. Let z be l(-2). Suppose 5*k - z = a + 3*a, -3*k + 472 = -2*a. Calculate the greatest common divisor of 14 and k.
14
Suppose 61*d - 2875 = 56*d. Calculate the highest common divisor of d and 25.
25
Suppose 4*l = 2*r + 106, 9*l - 7*l - 58 = 2*r. Let o = -8 + 19. Let j be (1 - -1*o) + 0. What is the greatest common divisor of l and j?
12
Let u = 564 + -547. Calculate the highest common factor of u and 272.
17
Let r = -927 + 951. Suppose -168 = -4*l + 3*l. What is the greatest common divisor of r and l?
24
Let k = 445 + -400. Calculate the highest common factor of k and 36.
9
Suppose 269 = 5*y - 606. Let r = y - 123. Let o = 25 + -12. Calculate the greatest common divisor of r and o.
13
Suppose 3*x = -5*c + 5*x + 1652, 4*c - 4*x = 1324. What is the highest common factor of 198 and c?
66
Let c be 4 - (2 + 837 - 1). Let m be (-3)/(-6) - c/12. What is the greatest common divisor of 28 and m?
14
Let o be (-3 + 11)/(-2) - -16. Let i be (9/o)/(4/48). Calculate the highest common divisor of i and 1.
1
Suppose -2*z = 4*v + 3*z - 8049, -2*v - 5*z + 4037 = 0. What is the highest common factor of v and 34?
34
Let c(l) = 2*l**2 - 28*l + 8. Let s be c(19). Suppose 51*y - 48*y = s. Calculate the greatest common factor of 22 and y.
22
Let b be (-2 - -2 - 2)/((-82)/287). Let d be 38/(-3*6/(-63)). What is the greatest common factor of b and d?
7
Suppose -4*o - 23 = -n, 0 = 2*n + 3*o + 1 + 8. Suppose 0 = -p - n*p + 480. What is the greatest common divisor of 30 and p?
30
Let t = 17 + -19. Let g be 207 + t + 4 + 0. What is the highest common divisor of 19 and g?
19
Suppose 52*d = 48*d + 736. What is the highest common factor of 69 and d?
23
Let p(s) = s**2 - 5*s + 6. Let i be 10/(-4)*(-16)/10. Let v be p(i). What is the highest common factor of 6 and v?
2
Suppose 2*g + 3*i - 5 = 0, 0 = 4*g + 2*i + 2 - 32. Let w = -16 - 8. Let o be ((w/15)/(-2))/(4/450). Calculate the greatest common factor of g and o.
10
Let d(n) = -3*n + 36. Let z be d(7). Calculate the greatest common divisor of 45 and z.
15
Let l = 3 - 3. Suppose l = -0*o + 3*o + 15. Let p = 12 - o. What is the greatest common factor of p and 68?
17
Let q(s) = 73*s + 6. Let z be q(-4). Let h be (-4)/3 - z/39. What is the greatest common divisor of h and 4?
2
Let o(s) = -s**3 + 8*s**2 - 4*s - 9. Let n be o(7). Suppose -5*j + 6*j + 62 = 5*p, -4*j + 28 = 3*p. Calculate the greatest common divisor of p and n.
12
Let o = 75 + -31. Suppose -4*w - w = 5*a - 35, 19 = 3*w + 5*a. Suppose k - w = -k. Calculate the highest common divisor of k and o.
4
Let h = 9 + -11. Let j be ((-14)/21)/(h/57). Let w = j + -11. Calculate the highest common factor of w and 1.
1
Let m = 39 - -35. Let d = m + -64. What is the greatest common divisor of d and 10?
10
Suppose 5*o = 7*o - 52. Let f = 4 + o. Calculate the greatest common factor of 12 and f.
6
Suppose 24 = -i + 3*i. Let r(v) = -v + 17. Let w be r(i). Suppose -4*q - 4*f + 88 = -q, 5 = w*f. What is the highest common factor of q and 7?
7
Let l = 572 - 54. What is the highest common divisor of 74 and l?
74
Let d = 2 + 1. Let g be (-2)/(10/4 - 2). Let r be (0 - g) + (-58)/(-2). What is the greatest common divisor of r and d?
3
Let o(g) = 4*g - 11. Let w be o(6). Let x be 0/(-1)*(w - 14). Suppose 2 = a - x. Calculate the greatest common factor of a and 8.
2
Suppose 0 = 4*b + m - 5, 5*b = 2*b + 5*m + 21. Suppose -y + 3*y - 210 = -2*p, -2*p + b*y = -230. Calculate the highest common divisor of p and 44.
22
Let j(s) = 1 - 2*s - 3*s + 7*s. Let f be j(4). Let g be 1/3 - (-195)/f. What is the highest common divisor of g and 2?
2
Let d be (4/1)/((-4)/(-2)). Suppose d*a - 4*a + 154 = 0. Let m be 7535/a - (-1)/7. What is the greatest common factor of m and 14?
14
Suppose -3 = x - 1. Let z be (-12)/(x + (-8)/(-6)). Let p = z + -4. What is the greatest common divisor of 14 and p?
14
Let t = 17 - 10. Let k(s) = 2968 + s**2 - 12*s + 7*s**2 - s - 2982. Let u be k(t). What is the greatest common divisor of u and 41?
41
Suppose 25*w - 438 = 23*w. Calculate the highest common divisor of 3 and w.
3
Let q be 0 - (-4)/4 - -4. Suppose -4*i + 4*d = -36, q*i - 21 = 2*i + d. What is the greatest common divisor of i and 66?
6
Let d be (-13 - (-440)/50)/(6/(-20)). Calculate the highest common factor of 35 and d.
7
Let q(i) = -173*i - 6. Let g be q(-3). Suppose -g = -4*n - 9. Suppose 0 = 4*k + 3*b - n, -2*b + 8 = 2*b. Calculate the greatest common factor of k and 15.
15
Let s be ((-81)/(-36))/(2